t t = q - s. What are the prime factors of t?
31
Let x(u) = -3*u**2 - 3*u + 8. Let q be x(-6). Let s = q - -138. List the prime factors of s.
2, 7
Suppose -j + 4*r = -3*j + 40, -2*r - 20 = -3*j. Let t = j - 11. List the prime factors of (6/18)/(t/(-21)).
7
Let s be (-1)/6 - (2524/(-24) + 0). List the prime factors of s - 1*12/(-4).
2, 3
Let m be 70/22 - 6/33. Suppose -3*a - m*z = -291, -4*a - z + 335 = -56. Let b = 143 - a. List the prime factors of b.
3, 5
Let p be 12/4*10/6. Suppose 0*t = -p*t. Suppose -2*b + 6*b - 120 = t. List the prime factors of b.
2, 3, 5
Let c(u) = -2*u**3 + u**2 - 3. Let r be c(3). Let n = 115 + r. What are the prime factors of n?
67
Let g(h) = 27*h + 12. Let u be g(5). Let v = u + -5. List the prime factors of v.
2, 71
Suppose -a - a + 3*u + 9 = 0, 4*a + u = -17. Let r(w) = -8*w**2. Let q(n) = n**2. Let c(b) = a*r(b) - 6*q(b). List the prime factors of c(-1).
2, 3
Suppose 0 = 2*v - 0*v. Let d be 2 - (3 + v) - -76. Suppose -2*k = -k + 3*l - 15, 5*k - d = -4*l. List the prime factors of k.
3, 5
Let k = 131 - 124. Suppose 0 = -k*m + 188 + 50. What are the prime factors of m?
2, 17
Let u = 4 + -8. What are the prime factors of u*(-8 + 4 - 4)?
2
Suppose 5*t + l - 17 = 0, -2*l + 1 = t + 3. Suppose 2*f - 104 = -3*z + 382, -3*f = -t*z + 648. What are the prime factors of z?
2, 3
Let g = 16 + -22. Let a be g/33 - (-70)/22. Suppose -a + 33 = 2*z. List the prime factors of z.
3, 5
Let o = -16 - -30. Let m = o - 13. What are the prime factors of m/(-2) - (-50)/4?
2, 3
Let m = 405 + -101. What are the prime factors of m?
2, 19
Let k be 1/(-2) + 117/(-6). Let f be (-3)/(-7) - k/35. What are the prime factors of 8*-8*(f - 2)?
2
Let b(q) = 33*q**2 + 11*q + 74. What are the prime factors of b(-11)?
2, 1973
Let a be 2/(-10) + 2853/15. Suppose 0 = -3*w - r - 45 + 193, 5*r - a = -4*w. What are the prime factors of w?
2, 5
Let n(k) = -k**3 - 12*k**2 - 6. Let m be n(-12). Let z be 45/m*16/6. List the prime factors of z*(-1)/(-10)*-4.
2
Let i = 95 - 55. Let w = -31 + i. Suppose -8*t = -w*t + 18. What are the prime factors of t?
2, 3
Let c(h) = 5*h**2 + 7*h + 21. List the prime factors of c(-6).
3, 53
Let j(x) = -2*x + 11. Let w(o) = -4*o + 22. Let n(s) = -5*j(s) + 2*w(s). Let r be n(7). Let h = r + 55. List the prime factors of h.
2, 29
Let w be ((-22530)/(-36))/1 - (-1)/6. Suppose 0 = 6*y - 8*y + w. What are the prime factors of y?
313
What are the prime factors of 773 - (-10 + (3 - -8))?
2, 193
Suppose -3*k = -3*z + 72, 101 = 5*k + 4*z + 257. Suppose -7*h + 110 = -5*h. Let y = h + k. List the prime factors of y.
3
Let x be 3/(30/(-4))*-10. Let a(h) be the third derivative of h**6/120 - h**5/20 + h**4/8 - h**3 + 4*h**2. List the prime factors of a(x).
2, 11
Let m be 90 - (3 - (3 - -1)). Suppose -65 = -2*s + m. Suppose 3*q - 3 - s = 0. List the prime factors of q.
3
Suppose x = -2*x + 9, 0 = 3*s + 4*x - 996. Let q = s + -213. What are the prime factors of q?
5, 23
Let w(h) = 10*h**3 - 3*h**2 + 11*h + 5. What are the prime factors of w(5)?
5, 13, 19
Let z be (5/(-5))/(1/(-8)). Suppose -3*h = -5*h - z. What are the prime factors of 2/h - 267/(-6)?
2, 11
Suppose 6*w + 6846 - 17430 = 0. List the prime factors of w.
2, 3, 7
Suppose 4*l + 2*l = 12. Suppose 9*o - 1029 = l*o. What are the prime factors of o?
3, 7
Let p be (-4)/18 + (-14)/(-63). Let n = -2 - p. What are the prime factors of n/(-9) - (-820)/36?
23
Suppose -63*p + 249 = 60. Let l be ((-36)/(-2))/(2/9). Suppose l - 300 = -p*h. What are the prime factors of h?
73
Suppose -5*h = 2*o - 48, -154 = -5*o + h - 5*h. Suppose -95 = -3*a + o. Let l = -26 + a. What are the prime factors of l?
17
Let f(z) = -2*z**2 + 2*z + 76. Let a be f(0). What are the prime factors of 74/3 - a/(-57)?
2, 13
Suppose -4*z - 3*a - 16 = a, a + 4 = 0. Suppose -4*j - j + 25 = z. Suppose 0 = 5*x + 2*l - 63, -j*l + 30 + 30 = 5*x. What are the prime factors of x?
13
Let h be (0 + 1 + -1)*(-2)/(-6). Suppose h = 8*a - 2*a - 648. List the prime factors of a.
2, 3
Let a = -406 + 661. Suppose -10*c + 435 = -a. List the prime factors of c.
3, 23
Suppose 3*o = -3*l + 2*o + 263, -95 = -l - 4*o. Suppose 2*q = -4*h + 308, 0 = -h + 5*q + 12 + l. List the prime factors of h.
79
Let d(m) = 14*m - 1. Let s be (-8)/12 - 28/(-6). Let h(f) = -15*f + 1. Let y(p) = s*d(p) + 3*h(p). What are the prime factors of y(1)?
2, 5
Let h(j) = 9*j**2 - 21*j + 7. List the prime factors of h(7).
7, 43
Suppose -6 = n - 7. Let h be (-7)/(-2) - n/2. Suppose y = 5*r + 32, 0 = h*y + 2*r - 7*r - 96. What are the prime factors of y?
2
Let v(o) = -86*o - 11. Let m be v(-4). Suppose -4*r - m = -7*r. List the prime factors of r.
3, 37
Suppose 2 = -2*d, 12028 = 36*v - 31*v + 2*d. List the prime factors of v.
2, 3, 401
Let o(m) = -4*m**3 - 2*m**2 + 25*m + 114. What are the prime factors of o(-4)?
2, 7, 17
Suppose -f = -0 - 2. Suppose 5*w = -4*x + 267, -2*x + f*w - 6*w = -138. Suppose -4*z - 17 + x = -2*q, 0 = 3*q - 15. List the prime factors of z.
2, 7
Let z(c) = 23*c - 4 + 8*c**2 + 2 - 3*c**2 + 6. What are the prime factors of z(-6)?
2, 23
Let i(b) = -b**3 - 4*b**2 + 2*b - 5. Let a be i(-7). Suppose 4*m - 4*t = m - a, 0 = 2*t - 10. List the prime factors of -1 - m/(4 + -2).
17
Let k be 264/21 + 3/7. Suppose 0 = -4*y + 3 + k. What are the prime factors of y?
2
Suppose -39*s + 40*s = -2*w + 174, s + 271 = 3*w. What are the prime factors of w?
89
Suppose 5*h - 14 = -4. Suppose -2*k + 0 + 8 = -h*w, -w = 4*k + 9. What are the prime factors of 1/((2/(-14))/k)?
7
What are the prime factors of -1 - -9 - (-17 - 10)?
5, 7
What are the prime factors of (-8)/(-28) + (-5176)/(-14)?
2, 5, 37
Suppose -2*x + 28 = 5*t, -3*t = 2*x - 22 - 10. Suppose -x*m + 21*m = 28. List the prime factors of m.
2, 7
Suppose -2*u - 1 = -5. Suppose u*c - 58 = c. Suppose -4*t = 22 - c. What are the prime factors of t?
3
Let u(q) = -q**3 + 5*q**2 + q - 10. Let f be u(4). Suppose -2*k + 1512 = f*k. What are the prime factors of k?
2, 3, 7
Let h = 25 - 25. Suppose 6*l - 38 - 58 = h. List the prime factors of l.
2
Let y(r) = r**3 + 22*r**2 + 22*r + 15. Let l be y(-21). What are the prime factors of (l/(-12))/((-1)/((-386)/1))?
193
Let g be (1 - 0)/((-11)/(-33)). Suppose -z + g*z = y - 74, 4*y + 2*z - 306 = 0. Suppose -5*q + 49 = -y. List the prime factors of q.
5
Let c(d) = d**2 + 13*d + 3. Let o be c(-13). Suppose o*f = 14 + 7. Suppose -11*x = -f*x - 44. List the prime factors of x.
11
What are the prime factors of 32880/9 - 6*(-6)/54?
2, 3, 7, 29
Suppose -r + 30 = r. Let o be (-2)/(1/(r/(-3))). Let g = o + -7. List the prime factors of g.
3
Suppose 5*a = -3*f + 8*f + 2990, 2*a - 1161 = -5*f. List the prime factors of a.
593
Let m(a) = 2*a**2 - 19*a + 88. List the prime factors of m(10).
2, 7
Suppose 10*w = 2933 - 483. What are the prime factors of w?
5, 7
Let m = -245 + 403. Suppose -418 = -5*w - m. List the prime factors of w/5 - (-15)/25.
11
Let g(y) = 6*y - 26. Let z(l) = -l**2 + 5*l + 37. Let w be z(8). List the prime factors of g(w).
2, 13
Let i(k) = -k**3 - k**2 + k + 1. Let f be i(-1). Suppose -4*p - 66 = 2*q - 3*q, -4*p = f. What are the prime factors of q?
2, 3, 11
What are the prime factors of (-1 - (-3 + 0)) + 2356?
2, 3, 131
Suppose 0*t - 5*v + 5073 = 4*t, -t + 4*v = -1263. What are the prime factors of t?
7, 181
Suppose 2*i = -p - 6, -4*i = -2*p - p + 32. Suppose -p = -t, -2*j - 3*t - 11 = -3*j. List the prime factors of j.
23
Let p(c) = -72*c**3 + 3*c + 4. Let u be p(-2). Let i = 808 - u. What are the prime factors of i?
2, 3, 13
Suppose -204 = -3*a + 2*x, -2*a + x = 2*x - 136. Suppose 7*b + a = -2. What are the prime factors of 4/b - (-988)/20?
7
Let t = -1331 + 1975. Suppose 4*u = 4*v + t, 0*u + u - 2*v - 161 = 0. Suppose 3*b = -0*l - 5*l + u, -4*b + 22 = l. What are the prime factors of l?
2, 17
Let i be (-1 + 1)/(-1 + -1). Let t = i + 5. Suppose t*z - 54 = 2*z. What are the prime factors of z?
2, 3
Let m(w) = w**3 + 11*w**2 - 14*w - 17. Let n be m(-12). Suppose -86 = -n*q + 5*q. What are the prime factors of q?
43
Suppose 13*w = 12*w - 27. Let x be (-8)/28 - 60/(-14). Let n = x - w. What are the prime factors of n?
31
Let w(c) = c**3 - 4*c**2 + 4*c - 3. Suppose -6*r + 2*r + 8 = 0. Suppose r*j + 20 = 6*j. What are the prime factors of w(j)?
2, 3, 7
Let s(d) be the first derivati